-c**3 + 8*c**2 + 3*c - 22. Let m be g(8). Let v(p) = -2*p + 691 + 700 - 1387 - p**2. Give v(m).
-4
Let n(f) = -2*f + 32. Let u be n(15). Let l(x) = 2 + 3 - 15 + 3 - 2*x + x**u. Let m be l(0). Let g(t) = t**2 + 5*t + 8. Determine g(m).
22
Let q(o) = -o**2 + 27*o - 160. Let d be q(13). Suppose 0 = -v - 5*a + 31, 5*a = 20*v - d*v + 37. Let k(p) = 2*p**2 - 11*p - 8. What is k(v)?
-2
Let u = 12065 - 12053. Let b(a) = -a**3 + 12*a**2. What is b(u)?
0
Let x(s) = -776*s + 3093*s - 774*s - 778*s - 776*s - 13 - 8*s**2. Give x(-1).
-10
Let v(t) be the second derivative of t**3/6 + 21*t**2/2 - 8*t - 31. Determine v(-7).
14
Let b(c) = -c + 1. Let v be 4/(-6) - 22/(-33). Suppose -42*k + 46*k = v. Give b(k).
1
Let o = 24 - 13. Let a(n) be the first derivative of n**2 - 21*n + 4246. Determine a(o).
1
Let v(w) = 8*w**3. Let c(d) = 6*d - 34. Let i be c(9). Suppose b - 1 = -5*z, -2*z + 5*b + i = -2. Calculate v(z).
8
Let r(w) = w - 1. Let o(m) = -8*m - 13. Suppose -14*z + 106 = 22. Let y(b) = z*r(b) + o(b). Calculate y(-13).
7
Let u(h) = -24042 + 23913 - 19*h + 15*h. Determine u(-35).
11
Let d(j) = -3*j**2 + 106*j - 33. Let n be 38 - (136/40 + 4/(-10)). Determine d(n).
2
Let g = -234 - -309. Let l(q) = 76*q**2 - 8*q + 1 - g*q**2 - 11 + q. What is l(7)?
-10
Let p be (4/14)/((15/5)/357). Suppose -2*s = -p + 6. Let m(n) = s - n**2 - n + 1 - 24. Calculate m(0).
-9
Let b(u) = 0 - 2*u**3 - 4*u + 6*u**2 + 9 + u**3 + 8*u. Let o be 32/(64/13) + 1/(-2 - -4). Calculate b(o).
-12
Let k(m) = -229 + 128*m + 131*m - 402*m + 138*m. Give k(-45).
-4
Let j(b) = -1205*b + 2424. Let q be j(2). Let z(f) = -f + 61. Give z(q).
47
Let l(r) = -r**3 - r - 6. Let f = -26 + 14. Let m be (-52)/(-16) - 9/f. Suppose 0 = -q - m*z + 17 + 3, -4*q + 5 = z. What is l(q)?
-6
Let l(h) = 47*h - 91*h + 3 + 35*h. Suppose 0 = -4*b + 6 - 18, 3*b = -5*x - 4. Determine l(x).
-6
Let o(t) = 2*t**2 + 11*t + 15. Let c = -4220 + 4216. Determine o(c).
3
Let c(a) = -11*a - 7. Let i(t) = 33*t + 23. Let s(n) = 7*c(n) + 2*i(n). Let u(l) = 33*l + 8. Let p(g) = -17*s(g) - 6*u(g). Determine p(3).
-30
Let c = -16013 - -16017. Let r(z) = z**3 - 6*z**2 + 7*z - 2. Calculate r(c).
-6
Let a(p) = -3*p - 14. Let v be a(-6). Suppose 9*n - 40 = v*n. Let h(d) be the third derivative of d**4/12 - 2*d**3 + 24*d**2. Give h(n).
4
Let p(w) = -w**3 - 9*w**2 - 11*w - 14. Suppose 2*k + 2*l + 24 = 0, -4*l = 6*k + 31 + 33. Calculate p(k).
10
Let z be (1*1/5)/(63/1575). Let o(f) = 136 + f**3 - z*f - 67 - 3*f**2 - 68. What is o(4)?
-3
Let g = 30 + -31. Let q be (9 + -2)/(g - (3 - 5)). Let l(b) = -b**2 + 3*b - 1. Determine l(q).
-29
Let u(h) = 7*h**3 + h**2. Let d be u(1). Suppose 5*q = d - 3. Suppose -2*o = 9 + q. Let f(w) = w - 5. Calculate f(o).
-10
Let k be 2/4*-6*-1. Suppose -f + 8 = -0*f + y, -35 = -4*f - k*y. Let v(l) = -3*l - 12 + 2*l + f - 7*l**2. Calculate v(-1).
-7
Let f = -977 + 994. Let m(g) = -g**3 + 18*g**2 - 17*g. Determine m(f).
0
Let m(r) = -31 + r**2 - 8 + 18 + 1 + 0*r**2 + 15*r. Determine m(-16).
-4
Suppose -3*z + 9*z = 42. Let i(x) = -10*x + 28. Let b(j) = -3*j + 9. Suppose -4 = -4*n, -n = -4*p + 30 - 3. Let t(d) = p*b(d) - 2*i(d). Determine t(z).
0
Let y(w) be the second derivative of 5*w**3/2 + 9*w**2/2 + 14*w + 19. What is y(-1)?
-6
Let c(f) be the third derivative of -35*f**2 + 0*f - 1/2*f**3 + 1/12*f**4 + 0. Suppose -28 = -3*j - 4*l, 14 = 5*j - 3*j - 2*l. Determine c(j).
13
Let u be (4/(-3))/((-4)/(-12)) - -8. Suppose -12 = u*f - 8*f. Let t(z) = -2*z**2 + 5*z - 3. Determine t(f).
-6
Let o(h) = 12*h + 9. Let w(g) = -5*g - 4. Let d = -237 + 239. Let s(j) = d*o(j) + 5*w(j). Determine s(0).
-2
Let m be (2 + 1)*(377/(-39) - (-16 + -2)). Let b(u) = u**3 - 26*u**2 + 27*u - 34. What is b(m)?
16
Let u(f) = -15*f + 226. Let p(i) = 15*i - 231. Let z(t) = 6*p(t) + 5*u(t). What is z(18)?
14
Let n(i) = 37*i + 34*i + 4 - 12*i - 2*i**2 + 5*i. Let g be n(32). Let c(t) = -t**2 + 4*t + 3. Give c(g).
3
Let z(n) = 4*n - 22. Let j(r) = 2*r. Let w(h) = -5*h + 46. Let t(o) = 2*j(o) - w(o). Let g be t(6). Let d(x) = 6*x - 34. Let k(c) = g*z(c) - 5*d(c). Give k(7).
8
Suppose 0 = -11*l - 17 + 83. Let d(i) = -2*i - 4. Let u(m) = 7*m - 5. Let g(y) = -2*d(y) - u(y). Determine g(l).
-5
Let o(z) = -3*z**3 - 3*z**2 - z - 3. Let j = 3680 + -3683. Give o(j).
54
Let u = -179 + 125. Let w = u + 53. Let f(t) = 10*t**2 + t + 1. Calculate f(w).
10
Let f(t) = 38*t + 229. Let c(j) = 106*j + 675. Let q(x) = -4*c(x) + 11*f(x). Give q(-32).
11
Let c be (-27)/(-6) + ((-4991)/62)/23. Suppose 2 = b, 2*l + 4*b = l + 10. Let n(v) = 4*v - 3*v - 3 - 4*v**2 + l. What is n(c)?
-4
Let v(x) = -x**2 - 18*x + 53. Suppose -184 = 33*o + 542. Determine v(o).
-35
Suppose -2*f + f = -8. Let m(r) = 9*r**2 - 9*r + 7. Let c(b) = 20*b**2 - 18*b + 15. Let h = 86 + -95. Let z(u) = h*m(u) + 4*c(u). Give z(f).
5
Let v(k) = -26*k - 2 + 13*k + 6*k**2 - 11*k**2 - 6*k**3 - 5 + 16*k + 7*k**3. Let l(g) = g**3 - 6*g**2 + g - 1. Let f be l(6). Determine v(f).
8
Let p be ((-2)/((-4)/(-3)))/((-42)/280). Let h be (2 - -3)*(-10)/p. Let l be h/(-2)*(78/(-30) + 5). Let r(q) = q**3 - 7*q**2 + 8*q - 7. Give r(l).
5
Let z(j) = j**3 - 6*j**2 + 2*j - 8. Let b be z(6). Suppose -x + 10 = -4*k + 6, 0 = 4*x - b*k - 28. Let o(y) = -y + 6. Determine o(x).
-2
Let i be 18 - 10 - (-6)/(-1). Let p(x) = -4*x**i - x - 9*x + 5*x**2. Suppose 3*a + 4*d + 24 = 6*a, -5*d - 24 = -3*a. Determine p(a).
-16
Let a(l) = -l + 10. Suppose b + 2*w = 115, 478 = 4*b + 8*w - 6*w. Suppose 116*t - b*t = 0. Give a(t).
10
Let x(t) = t**2 - 8 + 2975*t**3 + 2964*t**3 - 23*t - 5938*t**3 + 19. Determine x(4).
-1
Let d(f) = f**2 + 2*f - 1. Suppose 32*c - 712 = 280. Suppose 31*z + c = -31. Determine d(z).
-1
Let t(a) be the second derivative of a**4/12 - a**3/6 - 58*a**2 - 391*a - 2. Give t(11).
-6
Let o be (24/14)/(82/(-287)). Let g(t) = t**2 + t - 35. Calculate g(o).
-5
Let s(l) = -5*l**2 - 9*l. Let q be s(-2). Let p(r) = -4*r - 19. Let f be p(q). Let i(y) = y + 4. Calculate i(f).
-7
Let f(u) = u**2 + 18*u + 37. Let n be f(-2). Let k(t) = -t**3 + 5*t**2 + 3*t - 19. What is k(n)?
-4
Let h(m) = 2*m**2 + 8821 - 17647 - 9*m**2 + 8828 - 45*m**2 + 47*m. Determine h(1).
-3
Let n(r) = r**3 + 18*r**2 - 36*r - 17. Let m(v) = v**2 - v - 2. Let s(f) = -7*m(f) + n(f). What is s(-13)?
36
Let n(d) = -37*d + 2 + 132*d - 36*d - 30*d - 28*d. Let u = 2 + -7. Determine n(u).
-3
Let m(c) = c**3 - 7*c**2 + c + 1. Let a be -5 - -9 - 5 - -13. Let u be a/4 - ((-6 - -1) + 1). Determine m(u).
8
Suppose -4*g + 150 = 2*u, -u = -9 + 6. Let n(l) = l**3 - 36*l**2 - 2*l + 38. Give n(g).
-34
Suppose 2*r = 23 + 1. Let s(k) = r*k - 12*k - 5 - 2*k**2 - k**3. Let w be s(-2). Let a(f) = -f**3 - 6*f**2 - 7*f. What is a(w)?
10
Let i(k) = 594 + 3*k + 0*k - 1097 + 655. Determine i(-42).
26
Suppose 9 = -m + j, -j = 5*m + 36 - 3. Let u(b) be the first derivative of -7 + 5*b - 5/2*b**2 - 1/3*b**3. Determine u(m).
-9
Let z(a) = -a**3 - 4*a**2 + a. Let o(c) = -9*c**3 - 37*c**2 + 17*c + 4. Let x(k) = o(k) - 10*z(k). Calculate x(-2).
-6
Let g(z) = -2*z**2 + 12*z - 28. Let a be ((2 - 1)/(-4))/(4*(-4)/448). What is g(a)?
-42
Suppose 3*g = 4*g - 8. Let t(s) be the first derivative of s**3/3 - 9*s**2/2 + 9*s - 2789. Give t(g).
1
Let t(x) = -3*x + 21. Let h(r) = 2*r**3 + 3*r**2 + 5*r - 8. Let l be h(0). Give t(l).
45
Let g(r) = 1482*r - 1474*r - 22 - 27. Calculate g(5).
-9
Let r(w) be the first derivative of -25*w**3/3 + 2. Let q(h) = -h**2 - 9*h + 35. Suppose 53 = -16*d + 101. Let z be q(d). What is r(z)?
-25
Let j(l) = 4 - 4677*l**2 - 3 - 11*l + 4678*l**2. What is j(15)?
61
Let q(u) = -u**3 - 6*u**2 + 7*u - 10. Suppose 0 = -i - 2*r - 5, 4*r - 48 + 16 = 4*i. Calculate q(i).
-10
Suppose 2*u - 4*z + 9 + 7 = 0, 4*u - 2*z + 2 = 0. Let s(d) = 0*d**2 - d**u + 6 - 109822*d + 109826*d. What is s(-2)?
-6
Let h(x) be the first derivative of x**5/60 + 11*x**4/24 - 217*x**3/3 - 7. Let p(z) be the third derivative of h(z). Determine p(-5).
1
Let p(m) be the first derivative of -7/3*m**3 - 1/4*m**4 + 10 + 3*m - 2*m**2. Determine p(-4).
-29
Suppose 3*z + 71 = -8*c, z + 10*c = 12*c - 33. Let i(a) = 3*a + 66. What is i(z)?
-21
Let k = -48046 + 48045. Let a(u) be the second derivative of 5*u**3/3 + 3*u**2/2 + 2*u. What is a(k)?
-7
Let s be (-10)/5*2/(-4). Let l(v) = -49*v**2 - 12*v + 13. Let z(w) = 102*w**2 